 highest common factor of 120781 and 435511.
269
What is the highest common divisor of 1407080 and 18560?
1160
Calculate the greatest common factor of 7464 and 7788084.
12
Calculate the greatest common divisor of 1938495314 and 406.
406
What is the highest common factor of 7750350 and 31200?
150
What is the greatest common divisor of 99834 and 2982?
42
Calculate the greatest common factor of 10573248 and 4032.
1344
What is the greatest common factor of 525 and 2805300?
75
Calculate the highest common factor of 50855174 and 334.
334
What is the greatest common factor of 66 and 175230957?
33
What is the highest common divisor of 361443 and 43044?
633
What is the highest common factor of 100341 and 2304?
9
What is the highest common divisor of 150 and 50813780?
10
Calculate the greatest common factor of 26 and 293085208.
26
Calculate the highest common divisor of 1455 and 358995.
15
What is the highest common factor of 27846 and 582160410?
3978
What is the greatest common divisor of 48822 and 15484?
158
Calculate the highest common divisor of 10 and 5119148.
2
Calculate the greatest common factor of 2164 and 1740938.
1082
What is the greatest common divisor of 166464 and 162180?
612
Calculate the highest common divisor of 1521 and 10643620.
169
What is the highest common divisor of 7000 and 1214920?
280
Calculate the greatest common divisor of 2152 and 8579486.
538
Calculate the greatest common factor of 271266 and 633.
3
Calculate the greatest common divisor of 2098835057 and 7909.
7909
What is the greatest common divisor of 590 and 42105468?
118
Calculate the greatest common factor of 103304 and 62471.
349
What is the greatest common factor of 202642140 and 5220?
1740
What is the greatest common factor of 67 and 3445877?
67
Calculate the highest common divisor of 12798 and 646694.
158
What is the highest common factor of 99 and 1532819211?
33
Calculate the highest common factor of 4554 and 15694338.
66
What is the greatest common divisor of 3018 and 8413178?
1006
What is the greatest common factor of 302785 and 20705?
205
What is the highest common factor of 6 and 90310398?
6
Calculate the greatest common factor of 29694663 and 209.
19
What is the highest common divisor of 1400 and 12887900?
100
What is the highest common divisor of 167690 and 2540?
10
Calculate the greatest common factor of 52136 and 308864.
152
Calculate the greatest common divisor of 24403577 and 3652.
913
What is the greatest common factor of 114 and 7658007?
57
What is the greatest common divisor of 1044352 and 163777?
199
What is the greatest common divisor of 96 and 38261536?
32
What is the highest common divisor of 9750 and 27532050?
1950
What is the greatest common factor of 9306921 and 195?
39
Calculate the greatest common factor of 11466 and 6054906.
78
Calculate the greatest common divisor of 122880 and 140160.
1920
Calculate the greatest common divisor of 73296 and 179677.
509
Calculate the greatest common factor of 7544 and 76834.
82
Calculate the highest common divisor of 72504 and 60552.
72
What is the greatest common divisor of 71622 and 206562?
1038
What is the highest common divisor of 1311 and 2583069?
57
What is the greatest common factor of 372 and 319812?
12
Calculate the highest common divisor of 12 and 30814636.
4
Calculate the greatest common divisor of 6961491 and 27.
27
Calculate the greatest common divisor of 15562647 and 2349.
261
What is the greatest common divisor of 205096059 and 63?
63
What is the highest common divisor of 10 and 92157365?
5
What is the highest common divisor of 133600 and 529150?
50
What is the greatest common factor of 435410 and 760?
10
What is the highest common factor of 6 and 847789236?
6
What is the highest common factor of 42941438 and 15690?
1046
Calculate the greatest common factor of 60311391 and 42.
21
Calculate the greatest common divisor of 388260502 and 1204.
602
What is the greatest common divisor of 30314350 and 9625?
275
Calculate the highest common factor of 14276834 and 2288.
286
Calculate the highest common factor of 127732 and 4708.
44
What is the highest common factor of 1966 and 14894?
2
What is the greatest common factor of 208 and 3438656?
208
Calculate the highest common factor of 561845 and 9805.
185
Calculate the greatest common factor of 299522 and 32.
2
What is the greatest common divisor of 148 and 67041706?
74
Calculate the highest common divisor of 66160 and 25004345.
4135
What is the highest common factor of 12970 and 8530?
10
What is the highest common factor of 828 and 177648?
12
Calculate the highest common divisor of 1125758 and 9154.
46
Calculate the highest common factor of 11760 and 6035232.
2352
What is the highest common divisor of 2521152 and 134784?
1728
Calculate the highest common factor of 1248 and 519987.
39
What is the highest common divisor of 26 and 2352012?
26
What is the highest common factor of 1018 and 10940955?
509
What is the highest common factor of 6 and 116161923?
3
What is the highest common factor of 185 and 816957040?
185
What is the greatest common divisor of 16 and 1418121?
1
What is the greatest common factor of 1027 and 297852594?
1027
What is the highest common divisor of 4073270 and 20?
10
What is the highest common factor of 8959176 and 288?
72
Calculate the greatest common factor of 1148 and 58728236.
1148
Calculate the highest common divisor of 46 and 14153671.
23
What is the highest common factor of 7350 and 3081127350?
7350
What is the highest common factor of 94268651 and 736?
23
Calculate the greatest common divisor of 1097281 and 2047.
89
What is the greatest common divisor of 67364 and 194612?
44
Calculate the highest common divisor of 487611392 and 1536.
512
Calculate the greatest common factor of 45182475 and 120042.
6669
What is the greatest common factor of 2917584 and 13536?
144
What is the greatest common factor of 45073716 and 24?
12
Calculate the greatest common divisor of 702 and 28846233.
351
Calculate the greatest common divisor of 185296 and 334597.
313
Calculate the highest common divisor of 1855875 and 247695.
735
Calculate the highest common factor of 120973018 and 76798.
4042
What is the highest common divisor of 12977703 and 783?
261
What is the greatest common factor of 128380 and 68644?
524
Calculate the highest common divisor of 14 and 2287887.
7
Calculate the highest common factor of 10269242 and 40076.
466
What is the highest common divisor of 441515316 and 8052?
8052
What is the greatest common factor of 202368 and 1035028?
2108
What is the highest common factor of 1098419 and 74?
37
Calculate the greatest common factor of 1800 and 3787884.
36
Calculate the highest common factor of 84296 and 3814312.
328
Calculate the highest common factor of 1496 and 12067264.
88
What is the greatest common divisor of 411528 and 59904?
312
Calculate the highest common divisor of 5252051 and 5859.
217
What is the highest common divisor of 14893023 and 27?
3
What is the greatest common divisor of 127802328 and 32?
8
Calculate the highest common factor of 41481 and 36729.
99
What is the greatest common factor of 23427725 and 452?
113
What is the greatest common factor of 306955 and 2970?
55
What is the greatest common factor of 428408704 and 2176?
2176
What is the greatest common divisor of 2107 and 17609016?
43
Calculate the highest common factor of 1078452 and 88334.
58
What is the greatest common factor of 25635690 and 630?
90
What is the highest common divisor of 745 and 111415495?
745
Calculate the highest common divisor of 260490 and 11882.
914
Calculate the greatest common factor of 22 and 186670594.
22
Calculate the greatest common divisor of 62832753 and 2565.
513
What is the greatest common factor of 1145356040 and 2334?
778
What is the greatest common factor of 1747726207 and 28209?
9403
Calculate the highest common divisor of 1264322 and 17720.
886
What is the greatest common divisor of 34 and 433917503?
17
What is the greatest common divisor of 4617 and 89395?
19
Calculate the greatest common divisor of 10944 and 954.
18
What is the greatest common factor of 37269731 and 94?
47
Calculate the greatest common factor of 839939 and 815.
163
Calculate the highest common factor of 74175 and 30186.
129
What is the highest common facto